lions digit of 4515389904?
5
What is the tens digit of 199919772?
7
What is the millions digit of 39966288?
9
What is the hundreds digit of 1788305?
3
What is the hundred millions digit of 1003761492?
0
What is the units digit of 839539689?
9
What is the hundred thousands digit of 640835089?
8
What is the hundred millions digit of 1548879425?
5
What is the billions digit of 5112867038?
5
What is the hundred thousands digit of 63052449?
0
What is the tens digit of 21031373?
7
What is the hundred thousands digit of 49681988?
6
What is the hundred thousands digit of 166042246?
0
What is the thousands digit of 3611673733?
3
What is the hundreds digit of 80219584?
5
What is the hundred millions digit of 458639203?
4
What is the hundreds digit of 5554597552?
5
What is the ten millions digit of 19736508?
1
What is the hundreds digit of 93318526?
5
What is the ten millions digit of 34981604?
3
What is the units digit of 1437933352?
2
What is the ten thousands digit of 60401494?
0
What is the ten millions digit of 15810415?
1
What is the hundreds digit of 148673429?
4
What is the units digit of 40692336?
6
What is the tens digit of 2144810407?
0
What is the ten thousands digit of 399598316?
9
What is the hundred thousands digit of 34952782?
9
What is the tens digit of 251411646?
4
What is the tens digit of 92295264?
6
What is the hundreds digit of 128794517?
5
What is the millions digit of 2232401338?
2
What is the ten thousands digit of 587546857?
4
What is the units digit of 3610489485?
5
What is the ten thousands digit of 136975195?
7
What is the hundreds digit of 3642558697?
6
What is the hundreds digit of 304357887?
8
What is the ten thousands digit of 34233290?
3
What is the ten thousands digit of 3272533717?
3
What is the ten thousands digit of 36593212?
9
What is the ten thousands digit of 54878637?
7
What is the hundred thousands digit of 365524190?
5
What is the thousands digit of 113523490?
3
What is the ten millions digit of 122280110?
2
What is the hundred millions digit of 364057326?
3
What is the thousands digit of 106405185?
5
What is the hundred thousands digit of 5515108?
5
What is the hundreds digit of 118639793?
7
What is the hundred millions digit of 298733587?
2
What is the hundred thousands digit of 3073262238?
2
What is the millions digit of 4981858459?
1
What is the thousands digit of 258903530?
3
What is the ten millions digit of 1467905858?
6
What is the units digit of 238719060?
0
What is the thousands digit of 170113?
0
What is the hundreds digit of 252068477?
4
What is the millions digit of 75410269?
5
What is the units digit of 86114437?
7
What is the hundred thousands digit of 1932342813?
3
What is the thousands digit of 539799134?
9
What is the millions digit of 1473807648?
3
What is the units digit of 407661766?
6
What is the hundreds digit of 7803321?
3
What is the ten thousands digit of 5673067?
7
What is the hundred thousands digit of 143476025?
4
What is the millions digit of 91276491?
1
What is the hundred millions digit of 1044508918?
0
What is the units digit of 4162441854?
4
What is the ten thousands digit of 2469420318?
2
What is the thousands digit of 38269101?
9
What is the units digit of 28810114?
4
What is the millions digit of 70614098?
0
What is the hundreds digit of 4001770394?
3
What is the hundreds digit of 683441246?
2
What is the tens digit of 1417061395?
9
What is the ten millions digit of 2647616791?
4
What is the units digit of 998959193?
3
What is the units digit of 201696891?
1
What is the millions digit of 158724959?
8
What is the tens digit of 3956249082?
8
What is the units digit of 4719637995?
5
What is the hundred millions digit of 186719859?
1
What is the hundred thousands digit of 332999808?
9
What is the ten thousands digit of 815119758?
1
What is the units digit of 146302230?
0
What is the hundred millions digit of 775712392?
7
What is the thousands digit of 3388706322?
6
What is the hundreds digit of 15781490?
4
What is the hundred millions digit of 1592891024?
5
What is the tens digit of 1055528311?
1
What is the millions digit of 3952698050?
2
What is the tens digit of 188839036?
3
What is the thousands digit of 469168617?
8
What is the ten millions digit of 789957463?
8
What is the ten thousands digit of 3913325077?
2
What is the ten thousands digit of 126576666?
7
What is the millions digit of 2727880574?
7
What is the thousands digit of 82780432?
0
What is the ten millions digit of 111171779?
1
What is the tens digit of 383521018?
1
What is the ten millions digit of 1454958492?
5
What is the millions digit of 3925608796?
5
What is the ten millions digit of 104437356?
0
What is the hundred thousands digit of 32951890?
9
What is the ten millions digit of 79186897?
7
What is the ten millions digit of 987445390?
8
What is the ten millions digit of 2821833730?
2
What is the hundred thousands digit of 509734697?
7
What is the billions digit of 1127322472?
1
What is the ten thousands digit of 2174780?
7
What is the hundred thousands digit of 180034503?
0
What is the hundred millions digit of 793512453?
7
What is the hundred millions digit of 118947639?
1
What is the thousands digit of 1457652261?
2
What is the millions digit of 1001046506?
1
What is the millions digit of 469499918?
9
What is the tens digit of 49253244?
4
What is the tens digit of 44389901?
0
What is the tens digit of 1153906623?
2
What is the hundreds digit of 19112414?
4
What is the tens digit of 543337142?
4
What is the hundred millions digit of 189454531?
1
What is the thousands digit of 425297852?
7
What is the millions digit of 412352868?
2
What is the ten millions digit of 29389562?
2
What is the thousands digit of 67347133?
7
What is the tens digit of 409391357?
5
What is the hundreds digit of 6401502256?
2
What is the hundreds digit of 108631310?
3
What is the hundred thousands digit of 15995600?
9
What is the ten millions digit of 259267029?
5
What is the millions digit of 43690973?
3
What is the millions digit of 214026155?
4
What is the tens digit of 982723202?
0
What is the ten thousands digit of 5380182358?
8
What is the billions digit of 1845918693?
1
What is the hundreds digit of 232764289?
2
What is the units digit of 177815505?
5
What is the thousands digit of 140653460?
3
What is the thousands digit of 74398122?
8
What is the millions digit of 6918546092?
8
What is the units digit of 1666862517?
7
What is the tens digit of 3300487?
8
What is the units digit of 1355999902?
2
What is the hundreds digit of 720710260?
2
What is the tens digit of 828836828?
2
What is the units digit of 10525927?
7
What is the ten millions digit of 3273856722?
7
What is the thousands digit of 50976693?
6
What is the tens digit of 1009999145?
4
What is the hundreds digit of 447250603?
6
What is the units digit of 256988078?
8
What is the hundred millions digit of 846184494?
8
What is the ten millions digit of 26298522?
2
What is the ten millions digit of 5202838029?
0
What is the thousands digit of 200468870?
8
What is the ten millions digit of 6194186958?
9
What is the hundred thousands digit of 4584585272?
5
What is the hundred millions digit of 431559914?
4
What is the ten millions digit of 2393120381?
9
What is the hundreds digit of 4270267137?
1
What is the ten thousands digit of 1718307378?
0
What is the units digit of 4450268027?
7
What is the thousands digit of 2099243485?
3
What is the hundreds digit of 358986214?
2
What is the units digit of 83628429?
9
What is the hundred thousands digit of 3975603458?
6
What is the hundred thousands digit of 41154965?
1
What is the hundred thousands digit of 4781662434?
6
What is the units digit of 29334968?
8
What is the hundred thousands digit of 1199270374?
2
What is the hundreds digit of 960890723?
7
What is the tens digit of 288263048?
4
What is the units digit of 74370024?
4
What is the tens digit of 416862218?
1
What is the thousands digit of 3366070011?
0
What is the ten thousands digit of 2458728009?
2
What is the millions digit of 26548729?
6
What is the hundreds digit of 5522058654?
6
What is the ten thousands digit of 120195040?
9
What is the hundred thousands digit of 5113559?
1
What is the hundred thousands digit of 152678838?
6
What is the millions digit of 350